git of 1672?
6
What is the thousands digit of 4118?
4
What is the units digit of 326?
6
What is the hundreds digit of 9841?
8
What is the thousands digit of 3502?
3
What is the tens digit of 29960?
6
What is the thousands digit of 15200?
5
What is the ten thousands digit of 143764?
4
What is the thousands digit of 2110?
2
What is the ten thousands digit of 15602?
1
What is the tens digit of 27728?
2
What is the hundreds digit of 6844?
8
What is the tens digit of 1963?
6
What is the tens digit of 365?
6
What is the units digit of 319?
9
What is the thousands digit of 94386?
4
What is the units digit of 4366?
6
What is the hundreds digit of 36977?
9
What is the tens digit of 634?
3
What is the hundreds digit of 52138?
1
What is the tens digit of 2866?
6
What is the tens digit of 162283?
8
What is the ten thousands digit of 46415?
4
What is the hundreds digit of 8824?
8
What is the units digit of 51358?
8
What is the hundreds digit of 2629?
6
What is the thousands digit of 14301?
4
What is the hundreds digit of 960?
9
What is the ten thousands digit of 128946?
2
What is the hundreds digit of 17711?
7
What is the hundreds digit of 8147?
1
What is the tens digit of 6745?
4
What is the units digit of 15276?
6
What is the units digit of 1824?
4
What is the thousands digit of 1694?
1
What is the units digit of 23102?
2
What is the units digit of 495?
5
What is the tens digit of 6054?
5
What is the hundreds digit of 16502?
5
What is the hundreds digit of 21663?
6
What is the tens digit of 5464?
6
What is the units digit of 7269?
9
What is the thousands digit of 5613?
5
What is the thousands digit of 2834?
2
What is the thousands digit of 7103?
7
What is the units digit of 867?
7
What is the tens digit of 17175?
7
What is the hundreds digit of 67287?
2
What is the units digit of 1525?
5
What is the tens digit of 5351?
5
What is the hundreds digit of 1028?
0
What is the units digit of 8347?
7
What is the units digit of 2745?
5
What is the hundreds digit of 7796?
7
What is the units digit of 1017?
7
What is the units digit of 13649?
9
What is the tens digit of 6188?
8
What is the hundreds digit of 1105?
1
What is the tens digit of 6036?
3
What is the tens digit of 17018?
1
What is the hundreds digit of 1580?
5
What is the thousands digit of 45040?
5
What is the units digit of 6540?
0
What is the hundreds digit of 698?
6
What is the units digit of 102955?
5
What is the units digit of 1470?
0
What is the units digit of 104583?
3
What is the units digit of 1223?
3
What is the thousands digit of 1258?
1
What is the thousands digit of 1186?
1
What is the units digit of 1122?
2
What is the units digit of 119831?
1
What is the hundreds digit of 112?
1
What is the tens digit of 53206?
0
What is the hundreds digit of 2531?
5
What is the tens digit of 635?
3
What is the tens digit of 44801?
0
What is the tens digit of 94?
9
What is the thousands digit of 4102?
4
What is the hundreds digit of 614?
6
What is the ten thousands digit of 54915?
5
What is the hundreds digit of 23222?
2
What is the tens digit of 3606?
0
What is the hundreds digit of 39446?
4
What is the hundreds digit of 46291?
2
What is the tens digit of 24547?
4
What is the ten thousands digit of 81867?
8
What is the hundreds digit of 61092?
0
What is the tens digit of 78944?
4
What is the tens digit of 782?
8
What is the units digit of 72140?
0
What is the ten thousands digit of 21307?
2
What is the units digit of 2720?
0
What is the thousands digit of 2348?
2
What is the thousands digit of 1059?
1
What is the tens digit of 45307?
0
What is the units digit of 36790?
0
What is the tens digit of 285?
8
What is the hundreds digit of 9561?
5
What is the hundreds digit of 83157?
1
What is the hundreds digit of 148?
1
What is the tens digit of 6844?
4
What is the units digit of 20194?
4
What is the units digit of 76679?
9
What is the thousands digit of 20096?
0
What is the tens digit of 7620?
2
What is the thousands digit of 4003?
4
What is the units digit of 1027?
7
What is the ten thousands digit of 16127?
1
What is the tens digit of 29307?
0
What is the tens digit of 282?
8
What is the ten thousands digit of 38968?
3
What is the thousands digit of 85224?
5
What is the hundreds digit of 48658?
6
What is the thousands digit of 2756?
2
What is the units digit of 440?
0
What is the units digit of 4817?
7
What is the ten thousands digit of 12923?
1
What is the ten thousands digit of 11491?
1
What is the thousands digit of 3963?
3
What is the hundreds digit of 6825?
8
What is the ten thousands digit of 16884?
1
What is the thousands digit of 38790?
8
What is the hundreds digit of 7305?
3
What is the thousands digit of 23573?
3
What is the hundreds digit of 12188?
1
What is the hundreds digit of 1702?
7
What is the units digit of 7289?
9
What is the hundreds digit of 2159?
1
What is the units digit of 727?
7
What is the hundreds digit of 2629?
6
What is the units digit of 4717?
7
What is the tens digit of 99?
9
What is the ten thousands digit of 70775?
7
What is the ten thousands digit of 15490?
1
What is the tens digit of 3917?
1
What is the tens digit of 90326?
2
What is the ten thousands digit of 35551?
3
What is the units digit of 26272?
2
What is the tens digit of 4882?
8
What is the thousands digit of 1868?
1
What is the ten thousands digit of 29704?
2
What is the tens digit of 1976?
7
What is the tens digit of 1659?
5
What is the thousands digit of 9659?
9
What is the units digit of 2048?
8
What is the hundreds digit of 2254?
2
What is the units digit of 9399?
9
What is the hundreds digit of 23626?
6
What is the units digit of 8948?
8
What is the hundreds digit of 1495?
4
What is the thousands digit of 4454?
4
What is the ten thousands digit of 12090?
1
What is the tens digit of 27804?
0
What is the tens digit of 3522?
2
What is the thousands digit of 22170?
2
What is the thousands digit of 4117?
4
What is the thousands digit of 11796?
1
What is the hundreds digit of 329?
3
What is the tens digit of 3773?
7
What is the thousands digit of 10015?
0
What is the tens digit of 2598?
9
What is the tens digit of 3640?
4
What is the units digit of 2141?
1
What is the units digit of 40?
0
What is the units digit of 1296?
6
What is the units digit of 6443?
3
What is the thousands digit of 4483?
4
What is the thousands digit of 3470?
3
What is the units digit of 560?
0
What is the hundreds digit of 2571?
5
What is the thousands digit of 13371?
3
What is the hundreds digit of 254?
2
What is the hundreds digit of 36046?
0
What is the units digit of 84?
4
What is the thousands digit of 1114?
1
What is the tens digit of 8045?
4
What is the thousands digit of 6611?
6
What is the thousands digit of 6151?
6
What is the units digit of 1563?
3
What is the thousands digit of 5187?
5
What is the hundreds digit of 976?
9
What is the tens digit of 3069?
6
What is the hundreds digit of 1777?
7
What is the hundreds digit of 6940?
9
What is the thousands digit of 3947?
3
What is the units digit of 83068?
8
What is the ten thousands digit of 20470?
2
What is the hundreds digit of 8762?
7
What is the tens digit of 19143?
4
What is the hundreds digit of 135?
1
What is the hundreds digit of 3229?
2
What is the hundreds digit of 10630?
6
What is the tens digit of 3211?
1
What is the hundreds digit of 4435?
4
What is the tens digit of 13621?
2
What is the hundreds digit of 5358?
3
What is the thousands digit of 3806?
3
What is the tens digit of 97347?
4
What is the thousands digit of 68708?
8
What is the tens digit of 2212?
1
What is the units digit of 14906?
6
What is the hundreds digit of 3082?
0
What is the thousands digit of 1921?
1
What is the tens digit of 162?
6
What is the thousands digit of 1936?
1
What is the units digit of 6656?
6
What is the tens digit of 16053?
5
What is the tens digit of 3971?
7
What is the tens digit of 89?
8
What is the thousands digit of 36826?
6
What is the hundreds digit of 206?
2
What is the ten thousands digit of 41928?
4
What is the tens digit of 47444?
4
What is the tens digit of 435?
3
What is the tens digit of 583?
8
What is the hundreds digit of 9548?
5
What is the units digit of 4010?
0
What is the tens digit of 691?
9
What is the thousands digit of 3033?
3
What is the tens digit of 2185?
